19 a composite number?
True
Is 400997 prime?
True
Is 173103649 prime?
False
Is 448519 composite?
False
Is 173788853 composite?
True
Is 5291563 a prime number?
True
Is 388529077 a prime number?
True
Is 175657 a composite number?
True
Is 113497805 prime?
False
Is 1010557 prime?
False
Is 159637249 a prime number?
True
Is 52841969 composite?
True
Is 2463085 a composite number?
True
Is 22419703 a composite number?
False
Is 5303693 a composite number?
False
Is 12183107 a composite number?
False
Is 3577459 a composite number?
False
Is 28266467 a prime number?
True
Is 10608629 prime?
False
Is 1505311 composite?
False
Is 3076093 a prime number?
True
Is 61294141 a composite number?
False
Is 220806589 composite?
True
Is 15820439 a composite number?
False
Is 380652721 prime?
True
Is 25252793 a composite number?
True
Is 2768333 composite?
True
Is 72285387 composite?
True
Is 173051 a prime number?
False
Is 3093511 composite?
False
Is 7426301 composite?
False
Is 6663439 a composite number?
True
Is 83886665 prime?
False
Is 4712863 a composite number?
False
Is 23411489 a composite number?
True
Is 475219 composite?
False
Is 129546751 prime?
True
Is 3237287 prime?
True
Is 416709487 composite?
False
Is 186456065 composite?
True
Is 222919 prime?
True
Is 181272599 composite?
False
Is 2801317 prime?
True
Is 52942139 composite?
True
Is 36349 composite?
True
Is 23040167 prime?
True
Is 25647451 a composite number?
False
Is 8445307 prime?
False
Is 658575277 a prime number?
True
Is 13685753 a composite number?
True
Is 77478551 prime?
True
Is 13381531 a prime number?
False
Is 55770373 prime?
False
Is 5763967 prime?
False
Is 7250577 a prime number?
False
Is 15607861 a composite number?
False
Is 60425333 composite?
True
Is 5990773 prime?
False
Is 32127257 composite?
False
Is 4267033 composite?
False
Is 8935307 prime?
True
Is 332939557 a composite number?
True
Is 220973 prime?
True
Is 888821 a composite number?
True
Is 1213447 a prime number?
False
Is 8141069 composite?
True
Is 1541251 composite?
False
Is 1854982 composite?
True
Is 5085547 a prime number?
True
Is 318979435 a composite number?
True
Is 19442287 a prime number?
False
Is 2529643 composite?
False
Is 227467517 a prime number?
False
Is 320200354 prime?
False
Is 116135267 a composite number?
True
Is 518845 composite?
True
Is 531383 a composite number?
False
Is 878821 a prime number?
True
Is 22772749 a prime number?
True
Is 443171467 composite?
False
Is 1974851 composite?
False
Is 35098906 a prime number?
False
Is 21190051 a composite number?
False
Is 37288214 a composite number?
True
Is 50515451 prime?
False
Is 478672829 a composite number?
True
Is 23189 prime?
True
Is 326057 prime?
True
Is 14285977 composite?
False
Is 85392589 a composite number?
False
Is 96259 a composite number?
False
Is 43022999 composite?
False
Is 12520429 composite?
True
Is 2901979 prime?
False
Is 696318065 composite?
True
Is 3543137 a composite number?
True
Is 21869 a prime number?
False
Is 78959327 composite?
True
Is 23536741 a composite number?
False
Is 4368863 composite?
False
Is 22862963 prime?
True
Is 197419 composite?
False
Is 27273289 a composite number?
False
Is 10324357 composite?
False
Is 256535 a prime number?
False
Is 254363861 prime?
True
Is 323874379 prime?
False
Is 21004697 composite?
True
Is 18437123 composite?
True
Is 2851553 a prime number?
False
Is 3048923 composite?
True
Is 391877 a prime number?
False
Is 22019537 a composite number?
True
Is 7556135 a composite number?
True
Is 11248687 a composite number?
False
Is 942433 a composite number?
False
Is 5419649 composite?
True
Is 8954723 prime?
False
Is 96822563 prime?
False
Is 218796407 a prime number?
False
Is 771326489 composite?
True
Is 17578607 a prime number?
False
Is 36072821 a prime number?
True
Is 2854193 prime?
False
Is 16109833 a composite number?
False
Is 6672481 a composite number?
True
Is 199194781 a prime number?
True
Is 334230335 a prime number?
False
Is 34249 prime?
False
Is 1038383 composite?
False
Is 158916077 prime?
True
Is 219180659 a prime number?
True
Is 27502933 composite?
True
Is 2807303 a composite number?
False
Is 13081699 a prime number?
True
Is 3578717 prime?
True
Is 89131813 prime?
True
Is 447311 prime?
True
Is 116677241 composite?
False
Is 445427 prime?
True
Is 24718571 composite?
False
Is 380414 prime?
False
Is 7647791 prime?
True
Is 45740309 composite?
False
Is 2298203 a prime number?
True
Is 3315989 prime?
True
Is 37225849 a prime number?
False
Is 230736413 a prime number?
True
Is 488809 a prime number?
False
Is 54122579 prime?
False
Is 4758121 a prime number?
True
Is 6902741 a prime number?
True
Is 1592639 a composite number?
False
Is 510641 a prime number?
False
Is 5457967 a prime number?
True
Is 4439543 a prime number?
True
Is 476143 composite?
False
Is 2507501 composite?
True
Is 146972801 a prime number?
False
Is 1359233 a prime number?
True
Is 1154827 prime?
False
Is 11208863 a prime number?
False
Is 9341513 prime?
False
Is 23533297 a prime number?
False
Is 11808869 a composite number?
False
Is 9415673 composite?
False
Is 289330763 composite?
True
Is 1529621 a prime number?
True
Is 24188789 prime?
True
Is 11256701 prime?
False
Is 234306739 a prime number?
True
Is 12296573 a prime number?
False
Is 36503 a composite number?
True
Is 6534023 a composite number?
True
Is 784859 a composite number?
False
Is 10595111 composite?
True
Is 2055601 prime?
False
Is 49326379 composite?
True
Is 6720271 a prime number?
True
Is 135976417 a prime number?
True
Is 3430403 prime?
True
Is 247031 prime?
True
Is 854869 a prime number?
True
Is 354013 prime?
False
Is 61186303 prime?
False
Is 441989 a prime number?
False
Is 258815899 a composite number?
True
Is 11146111 prime?
True
Is 445881 a prime number?
False
Is 1565162 a composite number?
True
Is 1165124641 a composite number?
False
Is 36564919 a prime number?
False
Is 26663941 a prime number?
True
Is 33535451 a composite number?
False
Is 18901601 a composite number?
True
Is 8928713 a prime number?
False
Is 424423 prime?
True
Is 8059619 prime?
False
Is 11110787 prime?
True
Is 64047549 composite?
True
Is 11685829 composite?
False
Is 187431999 a composite number?
True
Is 1038314903 a prime number?
True
Is 3034207 prime?
False
Is 322629799 prime?
False
Is 2741159 composite?
False
Is 65393803 a prime number?
False
Is 1284209 composite?
False
Is 22850633 prime?
False
Is 528054559 a composite number?
True
Is 15274153 prime?
True
Is 1070315 prime?
False
Is 522999467 composite?
False
Is 34421522 a composite number?
True
Is 1150771 composite?
True
Is 203369 a composite number?
True
Is 171218257 a prime number?
False
Is 6848689 a prime number?
False
Is 2564057 a prime number?
True
Is 2807657 composite?
False
Is 31081619 a composite number?
False
Is 141853109 prime?
False
Is 7302553 prime?
True
Is 18449491 a prime number?
True
Is 177621167 composite?
True
Is 19862189 a prime number?
True
Is 1823035 prime?
False
Is 268459 prime?
True
Is 227035631 prime?
False
Is 50666041 a composite number?
False
Is 14219419 prime?
True
Is 20652607 a prime number?
True
Is 1460807791 a composite number?
False
Is 150621829 a prime number?
False
Is 6000773 composite?
False
Is 11672863 prime?
False
Is 4546589 a prime number?
True
Is 441568747 composite?
True
Is 63275227 composite?
True
Is 24866837 a composite number?
False
Is 406379 a composite number?
True
Is 1546431 a composite number?
True
Is 16539041 composite?
False
Is 3149411 composite?
True
Is 42925873 composite?
True
Is 9397657 a composite number?
False
Is 30546863 composite?
False
Is 33845299 prime?
True
Is 649514041 a prime number?
False
Is 787121401 a composite number?
True
Is 91596801 a prime number?
False
Is 2893477 a prime number?
True
Is 472817 a composite number?
False
Is 4686911 prime?
True
Is 3281767 composite?
False
Is 8051959 prime?
True
Is 6278191 a composite number?
True
Is 118649641 composite?
True
Is 668319563 prime?
True
Is 40948555 a prime number?
False
Is 11937155 prime?
False
Is 3835567 prime?
True
Is 2369519 composite?
False
Is 46731593 composite?
True
Is 582500222 a composite number?
True
Is 16484459 prime?
True
Is 18732403 a composite number?
False
Is 643063 composite?
True
Is 1602311 composite?
False
Is 2388769 composite?
False
Is 15421573 prime?
False
Is 5